on divisor of 4 and q?
1
Suppose -5*u + 173 = -2*u + c, -10 = -2*c. Let i(g) = -104 + g**2 + 22*g + 46 + 43. Let z be i(-23). What is the greatest common divisor of u and z?
8
Let l be 5 - (1 + 14 - 121). Calculate the greatest common divisor of l and 1147.
37
Suppose w - 3*w = -40. Let n be (-47035)/(-138) - (104/48 + 32/(-24)). What is the greatest common divisor of w and n?
20
Let x = 92 - 230. Let j = 165 + x. What is the greatest common factor of j and 27?
27
Let h(b) = -b + 6. Let j be h(-7). Suppose 2*i - 5873 + 1388 = -13*i. Calculate the highest common factor of i and j.
13
Let q be -8*93/(-6) + 9 + -8. Suppose 19 + q = 9*y. Suppose 0*d - 32 = -4*d. What is the greatest common divisor of y and d?
8
Suppose -13 = 3*f - 121. Suppose -7*o = -160 - f. What is the highest common factor of o and 364?
28
Suppose -11*y + 13*y - 20114 = 4*p, p = -2*y + 20079. Calculate the highest common divisor of y and 121.
121
Let w = 14 - 5. Suppose 2210 = 5*d + 5*h, -14*d = -13*d - 2*h - 433. Let k = d + -358. Calculate the greatest common factor of k and w.
9
Suppose -205*l = -31*l - 1320138. Calculate the greatest common divisor of l and 36.
9
Let x = -22 + 30. Suppose x*v - 108 = -v. Suppose -v - 12 = -3*s. What is the greatest common divisor of 40 and s?
8
Suppose -2*f = -1 - 7. Suppose -f*h - 68 = -4*j, -2*h = -0*j - 4*j + 78. Let t be ((-2)/2)/(3/(-33)). Calculate the highest common factor of t and j.
11
Suppose -666*m + 638*m + 24192 = 0. What is the greatest common divisor of m and 270?
54
Suppose 2*h = 5*u + 161, h + 4*h - 374 = 3*u. Suppose 4*n - h = 51. Suppose 0 = -2*c + 4*c - 496. What is the greatest common factor of n and c?
31
Let d = -21223 + 21762. Calculate the highest common divisor of d and 343.
49
Let l(r) = 24*r**3 + 5*r**2 + 14*r - 20. Let m be l(1). Calculate the greatest common factor of m and 5543.
23
Suppose 74*r + 14*r = -2*r + 73080. Calculate the greatest common factor of r and 98.
14
Let q(w) = 22*w - 6*w - 5*w + 52 - w**2 + 11*w. Let n be q(24). Suppose -9 = -4*c + c, 0 = -4*k + n*c. Calculate the highest common factor of 24 and k.
3
Let j(s) = 4*s + 16. Let w be j(-5). Let h(u) = -3 - u + 3*u - 3*u**2 - 4*u + 4*u**2. Let f be h(w). Calculate the greatest common factor of f and 63.
21
Suppose -d - 64 = -5*v, 2*v + 4*d = -3*v + 44. Let y be (-15)/(45/v)*-18. What is the greatest common factor of 90 and y?
18
Let z = -313 + 461. Suppose 22*m = 18*m + z. Calculate the greatest common factor of 37 and m.
37
Suppose -122 + 1742 = 12*r + 3*r. Calculate the greatest common divisor of r and 1125.
9
Suppose c + 5*g = 5*c - 2885, -4*c = 3*g - 2877. Suppose -34*u + 52*u - c = 0. Calculate the highest common factor of 88 and u.
8
Let y(b) = 35*b**2. Let c be y(-1). Let v = 1832 - 1216. Let h = -266 + v. What is the highest common factor of c and h?
35
Let d = 545 - 475. Let g be (6/(-14))/(20/d)*-8. What is the highest common divisor of 42 and g?
6
Let c be ((-3)/(-7))/(12/84). Let t = 1 + c. Let o be 8 + 5/(5/(-2)). Calculate the greatest common factor of t and o.
2
Suppose c = x - 13, -29 = -3*x + c - 3*c. Suppose 14 = a - 0*h + 2*h, 0 = a + 5*h - x. Calculate the greatest common factor of 208 and a.
16
Let k(y) = -31*y - 983. Let g be k(-51). What is the highest common factor of g and 143?
13
Suppose 3*a - 4*r = 72, -5*a + 168*r - 172*r + 152 = 0. Calculate the greatest common factor of a and 1015.
7
Let l = 5401 - 5036. What is the highest common divisor of 80 and l?
5
Let k be (-246 + -6)/((-5)/2 + 1). Suppose -k = -7*s + 4*s. Calculate the greatest common factor of s and 7.
7
Let z = 2463 + -2443. What is the highest common divisor of z and 1280?
20
Suppose -41*h = -15*h - 8928 - 5996. What is the highest common divisor of h and 1435?
287
Let x be (-48)/(-84) + (-99050)/(-49). What is the greatest common factor of 6 and x?
6
Let a(j) = j**2 - 9*j + 2. Let m be a(10). Let w(x) = 12*x - m - 10*x**2 + 3*x**2 + 9*x**2. Let p be w(-7). What is the greatest common factor of 4 and p?
2
Let z = -2894 + 2902. Calculate the greatest common factor of z and 1252.
4
Let p = -2187 - -2227. Calculate the greatest common factor of 1360 and p.
40
Let n = 261 - 253. Suppose -n*p = 22 - 86. Calculate the highest common factor of 552 and p.
8
Let r = 8476 + -5315. What is the greatest common factor of r and 29?
29
Let t(a) = -14*a + 128. Let d be t(10). Let g(y) = -y**3 - 10*y**2 + 2*y - 47. Let v be g(d). Calculate the highest common factor of v and 31.
31
Let l be (-3 + (-14)/(-4))*32 - 1. Suppose -7 = -11*d + 48. Suppose -3*c - 2*c + 34 = -3*y, c + 10 = -d*y. Calculate the highest common divisor of c and l.
5
Let x be -3 + 1/((-1)/(-6)). Let k be x/3 + 2/(4/34). Let p = 3 - -3. What is the greatest common divisor of p and k?
6
Let j be (2811 + -1)*18/45. Suppose 0 = -5*z - n + j - 18, 3*z - 4*n - 659 = 0. Suppose z - 23 = 3*p. What is the highest common divisor of p and 6?
6
Suppose 41*k + 57 + 25 = 0. Let o(v) = -196*v - 160. Let f be o(k). Suppose -13 = -3*a + 74. Calculate the greatest common factor of f and a.
29
Suppose 0*w + w - 3*x - 215 = 0, 2*x + 442 = 2*w. What is the greatest common divisor of w and 196?
28
Let c = -8049 + 9127. What is the greatest common divisor of 245 and c?
49
Suppose -7*k - 117 + 1847 = -160. Calculate the highest common divisor of 13905 and k.
135
Let k be 9464/(-1456)*((-82)/8 - 3/(-12)). What is the greatest common divisor of k and 299?
13
Let b(m) = -243*m + 75. Let l be b(2). Let p = 479 + l. What is the highest common factor of p and 17?
17
Suppose -29*y + 605924 = 66321. What is the greatest common divisor of y and 23?
23
Let d be 694565/(-901) + (-2)/17. Let n = d - -981. Suppose 2*o - 175 = -3*o. What is the greatest common divisor of n and o?
35
Suppose 10*a = -4699 + 4789. Let i be (0 - -6) + -1 + 1. Let r = a - i. What is the highest common divisor of r and 33?
3
Suppose 7*d - 461 + 391 = 0. Let q(u) = 60*u**2 + u - 2. Let t be q(-2). Let p = t - 126. Calculate the highest common factor of p and d.
10
Let v = 470 + -406. What is the greatest common factor of 4 and v?
4
Let k(i) = i**3 + 2*i**2 - 4*i + 2. Let a be k(2). Suppose 0*c + 3*c = 660. Suppose 2*h = c - 40. Calculate the greatest common factor of h and a.
10
Let t be (-5)/(-10) - (-1 + (-52)/8). Suppose -3*v - t = -14. Suppose 56 = y + v*r, 2*r - 64 - 154 = -4*y. Calculate the highest common divisor of 135 and y.
27
Suppose 131*t - 393065 = 449527. Calculate the highest common divisor of 192 and t.
96
Let a be -3 + (-51)/(-15) - 12/(-90)*357. Let m = 913 - 529. What is the highest common factor of m and a?
48
Suppose 29*n + 22 = 167. Suppose 71 = 4*t - p, n*p + 96 = 4*t + 9*p. Let s(d) = -d + 133. Let u be s(0). Calculate the greatest common divisor of u and t.
19
Let i(l) = -13*l - 41. Let z(r) = 7*r + 21. Let p(d) = 6*i(d) + 11*z(d). Let j be p(-25). What is the greatest common factor of j and 70?
10
Let o = 4860 - 3755. What is the greatest common factor of o and 51?
17
Suppose -5649*a = -5*n - 5652*a + 294, -5*n + 5*a + 230 = 0. Calculate the greatest common divisor of 16389 and n.
27
Let f(k) = -k**2 - 12*k + 13. Let h be f(-9). Let n = 999 + -639. What is the greatest common divisor of h and n?
40
Let p be -63*(-2 + (1 - 1))*20/30. Calculate the greatest common factor of p and 3948.
84
Suppose -16*h - 9*h + 1875 = 0. Let j = h - -701. Calculate the greatest common divisor of j and 97.
97
Suppose 4*i = -x - 2*x + 31, -i = 3*x - 37. Let b(f) = -12 - x + 7 + 45*f - 42*f. Let r be b(9). Calculate the greatest common divisor of 99 and r.
9
Let x be -1 - 6631/((-190)/10). What is the greatest common factor of x and 1972?
116
Let g = 45 - 11. Suppose -11*m = -17*m + 12. Calculate the greatest common factor of m and g.
2
Let r(l) = -86*l - 829. Let d be r(-10). Let s(n) = n - 28. Let q be s(0). Let p = q + d. What is the greatest common divisor of p and 21?
3
Suppose -5*l + 2*x - 320 = -0*l, -15 = -3*x. Let o = 194 + l. Calculate the greatest common factor of o and 88.
44
Let f(h) = -4*h + 10. Let a be f(-1). Suppose -17*v = a*v - 3689. Calculate the greatest common divisor of v and 34.
17
Let p be (-25)/((-5750)/(-736)) + (-1202)/(-10). Let j(z) = -z**3 - 3*z**2 - 3*z. Let a be j(-3). Calculate the highest common divisor of a and p.
9
Let 